se -x + 38 = -140*h + 135*h, 190 = 5*x - 2*h. What is the remainder when z is divided by x?
36
Calculate the remainder when 142 is divided by (-1)/((-2)/(-100))*38/(-76).
17
Suppose 4*o - 334 - 146 = 0. What is the remainder when 442 is divided by o?
82
Suppose 7*z - 303 = 61. What is the remainder when 292 is divided by z?
32
Let g be (24/6)/(2*1). Let z(l) = g*l - 5*l - 3 - 2*l**3 + 4 - 7*l**2. Calculate the remainder when z(-5) is divided by 23.
22
Suppose -428*x + 432*x - 412 = 0. Calculate the remainder when x is divided by 23.
11
Suppose -6 = 4*i - 102. What is the remainder when i is divided by 14?
10
Let b = 13 + 29. Suppose -b = 3*y - 6*y. Calculate the remainder when y is divided by 8.
6
Calculate the remainder when 261/6 - (-5)/(-10) is divided by 8.
3
Suppose -21*p + 25*p - 384 = -4*h, 0 = 4*p + 20. Calculate the remainder when h is divided by 52.
49
Let m(i) = -6*i**2 - 3*i - 4. Let c be m(3). Let t = -112 - c. Let k = t + 77. What is the remainder when k is divided by 11?
10
Suppose -26*t - 66 = -5*k - 25*t, 16 = 4*t. What is the remainder when 23 is divided by k?
9
Let c = 343 + -272. Calculate the remainder when c is divided by (-18)/((2 + 1)/(-3)).
17
Suppose -j = -2*z + 103, 328 = 5*z - 2*j + 73. Calculate the remainder when 49 is divided by z.
0
Suppose -11*z + 1211 = -4*z. Let v = z - 82. Calculate the remainder when v is divided by 31.
29
Suppose f + 9*l - 6*l + 12 = 0, 0 = f - 2*l - 13. Suppose 102 = f*u - 6. What is the remainder when 178 is divided by u?
34
Suppose -5*g - 21 = h - 336, 3*g = -5*h + 167. Calculate the remainder when g is divided by 15.
4
Let u(t) = -t**2 - 23*t - 13. Let i be u(-23). Let b = i - -84. Calculate the remainder when b is divided by 15.
11
Suppose -n - 16 + 40 = 0. What is the remainder when 37 is divided by n?
13
Suppose -37 = -m + 4*c, 4*m - 38 = 4*c + 74. Calculate the remainder when 161 is divided by m.
11
Let j(f) = 15*f**2 - 85*f - 12. Calculate the remainder when j(6) is divided by 11.
7
Let l = 845 + -834. Calculate the remainder when 73 is divided by l.
7
Let l = -1192 + 1976. Suppose -3*z + 450 = 5*i, -3*z - 2*z = -3*i - l. What is the remainder when z is divided by 26?
25
Suppose 5*u = o - 872, o - 5*u + 4270 = 6*o. Calculate the remainder when o is divided by 66.
65
Let r = 79 - 44. Let l(q) = q**3 - 19*q**2 + 9. What is the remainder when r is divided by l(19)?
8
Calculate the remainder when 4 + 76 + (-11 - -7) is divided by 61.
15
Suppose -l + 3*l - 36 = 0. Let f be 78/l + (-1)/3. What is the remainder when f/1*-1 + 65 is divided by 21?
19
Suppose -4*p + 65 + 79 = 0. Let t = -27 + p. What is the remainder when 18/5*((-69)/(-9) - 1) is divided by t?
6
Let t = 26 + -10. Suppose 0 = -4*m - t, -3*r = -0*m - 3*m - 78. What is the remainder when 87 is divided by r?
21
Let p(a) = -a**2 - 9*a + 31. Let l be p(-13). Let o be (-4 + (-102)/l)*-7. Calculate the remainder when 17 is divided by o/(-4 - 10/(-3)).
8
Suppose 0 = -f - 4*w + 83, -5*w + 0*w = -2*f + 179. Let h = f + -14. What is the remainder when h is divided by 19?
16
Let y(w) = 22*w + 212. Calculate the remainder when y(8) is divided by 10.
8
Suppose -4*n + 221 = f - 1235, 3*f = 0. What is the remainder when n is divided by 23?
19
Let v = -967 - -982. Calculate the remainder when 24 is divided by v.
9
Suppose 5*z = 17 + 3. Let w = z + 6. Let f(p) = p**3 - 9*p**2 - 5*p + 7. Calculate the remainder when f(w) is divided by 20.
17
Let a = 71 + 119. What is the remainder when a is divided by 22?
14
Suppose -4*u = 3*k - 1050, -5*u = -4*k + 1286 + 145. Calculate the remainder when k is divided by 21.
18
Calculate the remainder when (3/2)/((-30)/(-560)) is divided by 3.
1
Let d = -133 - -249. Suppose -2*z - 3*n = -89, 0 = 4*z - 2*n - 302 + d. Suppose 4*x = -2*l + z, 0*l + 12 = 4*l. What is the remainder when 19 is divided by x?
9
Let v(w) = 7*w**2 + 3*w + 7. What is the remainder when v(-2) is divided by (-206)/(-14) - (-6)/21?
14
Let r be (-3 + 522/(-4))*(-1 + 3). Let p = 398 + r. Calculate the remainder when p is divided by 15.
11
Let w(n) = 18*n - 73. What is the remainder when w(6) is divided by 4?
3
Let y(s) be the third derivative of s**5/60 + 3*s**4/8 - 2*s**3 + 3*s**2. Let f be y(-10). Calculate the remainder when 12 is divided by ((-4)/10)/(f/20).
0
Let f be (-5)/(-4) - 5/20. What is the remainder when (-12)/(-16)*f*(85 - 1) is divided by 5?
3
Suppose 3*w - 345 + 139 = k, 0 = -3*w - 3*k + 198. Suppose 0 = 77*h - 104*h + 513. What is the remainder when w is divided by h?
11
Let r(c) = 10*c**2 - 26*c + 6*c**2 - 48 + 29 - c**3. Suppose -4 = -s - 1. What is the remainder when r(14) is divided by s?
0
Let f = 61 + -52. Suppose 22 = -f*o + 103. Calculate the remainder when 61 is divided by o.
7
Let x = -565 + 731. Calculate the remainder when 504 is divided by x.
6
Let d = -1029 - -1080. What is the remainder when 173 is divided by d?
20
Let z(f) = f**2 + 6*f - 63. Calculate the remainder when 168 is divided by z(6).
6
Suppose w = 46 + 112. Suppose -w - 198 = -4*y. Calculate the remainder when y is divided by 15.
14
Suppose 8*u - 1933 = -1813. Calculate the remainder when 102 is divided by u.
12
Suppose -3*t + 33 = -354. What is the remainder when t is divided by (70/(-28) + (-3)/30)*-5?
12
Let r = -49 + 54. Suppose -r*t = h - 6, -39 = -2*h - 2*t + t. Calculate the remainder when 228 is divided by h.
18
Let q = -261 - -288. What is the remainder when q is divided by 8?
3
Suppose -3*m = -4*i + 198, -98 = 10*i - 12*i + 2*m. What is the remainder when i is divided by 9?
6
Let b = -1707 + 1909. Calculate the remainder when b is divided by 5.
2
Let n(y) = 2*y + 11. Suppose 3*z - 3 = 6. Suppose 0 = -5*l - z - 22. Calculate the remainder when 3 is divided by n(l).
0
Suppose -2*c - 156 = -4*c. Calculate the remainder when c is divided by 18.
6
Let c = -6 + 10. Suppose -3*f + 0*f + 52 = -c*x, -5*f + 94 = -3*x. Let i = 167 + -88. Calculate the remainder when i is divided by f.
19
Suppose -i = -5*u + 1244, 2*i + 0 = -8. Let z(q) = -33*q + 1073. Calculate the remainder when u is divided by z(31).
48
Let g(s) = s**2 + 2*s + 8. Let b be g(4). Let v = -28 + b. Calculate the remainder when 10 is divided by v.
2
Let v be 1*2/(3 + -5). Let l be ((-4)/4)/(v/(-13)). Let c = l + 36. Calculate the remainder when c is divided by 8.
7
Let u(y) = -y + 1. Let n be u(-2). Suppose 5 = -n*k + 2*k. What is the remainder when -1*k/(10/66) is divided by 12?
9
Suppose 50 = 5*s - 0*s + 4*d, -5*s - 3*d = -55. Suppose -18 = -4*f + s. What is the remainder when 23 is divided by f?
7
Let q = -10 + 27. Let f be q/7 - (-3)/(-7). Suppose -b - 62 = -3*w, b + 4*b = w - f. What is the remainder when 87 is divided by w?
21
Let o = -20 - -31. Let l(z) = -6*z + 1. Let v be 1 + 1 + -5 + 2. What is the remainder when o is divided by l(v)?
4
Suppose 4*t - 123 = t. Let u = 12 + t. What is the remainder when u is divided by 27?
26
Let f be (0 + 5)/(6/30). Suppose 7*d - 3 = f. What is the remainder when 10 is divided by d?
2
Suppose -2*w - 4*l = 3*w - 59, -3*w + 31 = -2*l. Calculate the remainder when 73 is divided by w.
7
What is the remainder when (26/65)/((-4)/(-230)) is divided by 10?
3
Let a(v) be the second derivative of v**5/20 - 5*v**4/4 - 17*v**3/6 + 19*v**2 - 34*v. Calculate the remainder when 65 is divided by a(16).
21
Let s(r) = -6*r + 36. What is the remainder when s(-5) is divided by 23?
20
Suppose 0 = -57*p + 10*p + 4324. Calculate the remainder when p is divided by 11.
4
Let n = -12 - -20. Let v = 30 + -30. Suppose -4*p = -2*x - 126, x = -5*p - v*p + 147. What is the remainder when p is divided by n?
6
Suppose 3*m - 312 = 4*a, 3*m + 2*a = -32 + 326. Calculate the remainder when m is divided by 28.
16
Suppose 0 = o + 5*z - 357, 11*o = 12*o + z - 373. Calculate the remainder when o is divided by 187.
3
Let x(z) = z**3 - 18*z**2 + z - 29. Let l be x(18). Let o(d) = -2*d + 23. Calculate the remainder when o(l) is divided by 17.
11
Let a = 140 + -81. Let w = a - 34. Calculate the remainder when w is divided by 14.
11
Let f(i) = 9*i + 184. Calculate the remainder when 328 is divided by f(-17).
18
Let v(n) = -8*n - 9. Let o = 24 - 20. Let l be (-12)/(12/o) - 3. Calculate the remainder when v(l) is divided by 16.
15
Suppose 191 = 4*s + 35. Calculate the remainder when 58 i